he tens digit of 21188263?
6
What is the hundred thousands digit of 2211858?
2
What is the thousands digit of 743188086?
8
What is the billions digit of 1298227140?
1
What is the billions digit of 1518642745?
1
What is the thousands digit of 1621104341?
4
What is the hundreds digit of 5207090947?
9
What is the billions digit of 3063092220?
3
What is the hundred millions digit of 1386578298?
3
What is the millions digit of 5280882?
5
What is the millions digit of 12438073?
2
What is the millions digit of 57100102?
7
What is the tens digit of 12568850?
5
What is the hundred thousands digit of 603871978?
8
What is the hundred thousands digit of 54281323?
2
What is the billions digit of 2998539275?
2
What is the ten thousands digit of 99051377?
5
What is the tens digit of 132426409?
0
What is the billions digit of 3429599613?
3
What is the ten thousands digit of 395918898?
1
What is the units digit of 73789146?
6
What is the hundred thousands digit of 86572085?
5
What is the hundred millions digit of 196591194?
1
What is the ten millions digit of 133918587?
3
What is the hundred thousands digit of 1281206691?
2
What is the units digit of 325334892?
2
What is the ten thousands digit of 271238999?
3
What is the thousands digit of 36734187?
4
What is the units digit of 684161713?
3
What is the hundred millions digit of 163925302?
1
What is the thousands digit of 63927257?
7
What is the ten thousands digit of 118982579?
8
What is the units digit of 183695519?
9
What is the hundred millions digit of 298413714?
2
What is the tens digit of 46708657?
5
What is the hundreds digit of 851044370?
3
What is the hundred thousands digit of 153066298?
0
What is the thousands digit of 22998707?
8
What is the hundred thousands digit of 1502447208?
4
What is the millions digit of 663900645?
3
What is the hundreds digit of 855358968?
9
What is the hundred thousands digit of 54063475?
0
What is the ten millions digit of 3865096135?
6
What is the thousands digit of 938474568?
4
What is the millions digit of 58989251?
8
What is the thousands digit of 585897105?
7
What is the thousands digit of 84128121?
8
What is the units digit of 8267640?
0
What is the thousands digit of 116082507?
2
What is the tens digit of 238582474?
7
What is the thousands digit of 618061976?
1
What is the ten millions digit of 7165601766?
6
What is the hundred thousands digit of 405160258?
1
What is the hundred millions digit of 202316550?
2
What is the billions digit of 1120381945?
1
What is the thousands digit of 437216521?
6
What is the ten millions digit of 142474956?
4
What is the hundred millions digit of 630795711?
6
What is the ten millions digit of 36598406?
3
What is the units digit of 597711645?
5
What is the hundred thousands digit of 1299451702?
4
What is the thousands digit of 158163796?
3
What is the billions digit of 2254594648?
2
What is the ten millions digit of 242012547?
4
What is the tens digit of 46199157?
5
What is the hundreds digit of 222563906?
9
What is the hundred thousands digit of 721571757?
5
What is the thousands digit of 20709272?
9
What is the millions digit of 106239127?
6
What is the millions digit of 233127493?
3
What is the hundred millions digit of 1232845011?
2
What is the units digit of 301452778?
8
What is the hundreds digit of 31693909?
9
What is the hundred millions digit of 222267735?
2
What is the ten millions digit of 6049555352?
4
What is the hundred millions digit of 3106719294?
1
What is the thousands digit of 73505018?
5
What is the hundred thousands digit of 187622316?
6
What is the units digit of 1317952660?
0
What is the units digit of 79626694?
4
What is the tens digit of 33626305?
0
What is the ten millions digit of 4219652276?
1
What is the tens digit of 5282334114?
1
What is the ten millions digit of 4199518602?
9
What is the hundreds digit of 614954676?
6
What is the millions digit of 15854146?
5
What is the ten millions digit of 101492461?
0
What is the hundreds digit of 32544836?
8
What is the tens digit of 50589957?
5
What is the tens digit of 2352046596?
9
What is the millions digit of 439922432?
9
What is the thousands digit of 403997642?
7
What is the ten thousands digit of 27977868?
7
What is the units digit of 448378632?
2
What is the hundreds digit of 375135101?
1
What is the hundred millions digit of 458050671?
4
What is the hundred thousands digit of 50820984?
8
What is the hundred thousands digit of 24834278?
8
What is the units digit of 106813346?
6
What is the ten thousands digit of 222351907?
5
What is the ten millions digit of 1600765833?
0
What is the millions digit of 197960192?
7
What is the millions digit of 34583713?
4
What is the millions digit of 4400560447?
0
What is the hundreds digit of 6302122?
1
What is the thousands digit of 51108839?
8
What is the tens digit of 62179425?
2
What is the hundreds digit of 59942837?
8
What is the millions digit of 46645219?
6
What is the units digit of 60891205?
5
What is the millions digit of 1565621170?
5
What is the hundreds digit of 4852727?
7
What is the ten thousands digit of 43807980?
0
What is the hundred millions digit of 583216726?
5
What is the millions digit of 232371298?
2
What is the units digit of 6531130?
0
What is the hundred thousands digit of 80086309?
0
What is the thousands digit of 142510646?
0
What is the ten millions digit of 734350064?
3
What is the tens digit of 218035577?
7
What is the ten millions digit of 45862084?
4
What is the thousands digit of 52304780?
4
What is the hundred thousands digit of 628939377?
9
What is the hundred thousands digit of 3846113747?
1
What is the thousands digit of 87006778?
6
What is the hundred thousands digit of 4110337217?
3
What is the units digit of 1095448654?
4
What is the hundreds digit of 284906789?
7
What is the tens digit of 57781682?
8
What is the units digit of 510747353?
3
What is the hundred thousands digit of 1958761816?
7
What is the millions digit of 8617672?
8
What is the ten thousands digit of 493685778?
8
What is the thousands digit of 60926321?
6
What is the hundreds digit of 1259895287?
2
What is the tens digit of 948600346?
4
What is the billions digit of 1643338888?
1
What is the ten millions digit of 1164490350?
6
What is the hundreds digit of 131331557?
5
What is the units digit of 42546676?
6
What is the ten thousands digit of 1009443524?
4
What is the ten thousands digit of 600407983?
0
What is the millions digit of 773512338?
3
What is the tens digit of 126017685?
8
What is the units digit of 103790920?
0
What is the hundred millions digit of 172771236?
1
What is the ten thousands digit of 3912717762?
1
What is the hundred thousands digit of 1246350355?
3
What is the millions digit of 22364656?
2
What is the millions digit of 2657784772?
7
What is the hundreds digit of 302736953?
9
What is the hundred thousands digit of 102642859?
6
What is the hundred millions digit of 2510073451?
5
What is the units digit of 91700589?
9
What is the millions digit of 1909394708?
9
What is the ten millions digit of 36137256?
3
What is the tens digit of 6662028514?
1
What is the thousands digit of 187654343?
4
What is the thousands digit of 625058542?
8
What is the hundred thousands digit of 458682289?
6
What is the millions digit of 333390040?
3
What is the millions digit of 1261138?
1
What is the ten millions digit of 70674231?
7
What is the hundred millions digit of 3624413246?
6
What is the thousands digit of 190102604?
2
What is the tens digit of 192481119?
1
What is the millions digit of 213440056?
3
What is the hundreds digit of 86744549?
5
What is the tens digit of 25416878?
7
What is the millions digit of 8105900811?
5
What is the thousands digit of 109599111?
9
What is the ten thousands digit of 27540357?
4
What is the millions digit of 13813362?
3
What is the thousands digit of 119711654?
1
What is the hundreds digit of 302864782?
7
What is the thousands digit of 129001476?
1
What is the tens digit of 8650364668?
6
What is the hundred millions digit of 3826151750?
8
What is the thousands digit of 274009170?
9
What is the millions digit of 293805525?
3
What is the units digit of 124339323?
3
What is the millions digit of 3286959348?
6
What is the thousands digit of 219995434?
5
What is the billio